visor of 683 and 301907173?
683
What is the highest common factor of 571705 and 2071775?
5245
What is the highest common factor of 176 and 76393372?
44
Calculate the highest common divisor of 996918 and 6318.
78
What is the highest common divisor of 13120048 and 2298?
766
Calculate the greatest common factor of 889 and 627599.
7
Calculate the greatest common divisor of 2940 and 261668820.
2940
Calculate the greatest common divisor of 2552 and 427526.
22
What is the highest common divisor of 58650 and 381300?
150
What is the highest common divisor of 777 and 1826727?
777
Calculate the greatest common factor of 57887 and 4902001.
541
Calculate the highest common factor of 666 and 4938723.
333
What is the greatest common factor of 1464039 and 99?
9
What is the highest common factor of 45842565 and 267?
267
What is the greatest common divisor of 2772124 and 52?
4
What is the greatest common factor of 321763374 and 5634?
5634
What is the greatest common factor of 186588739 and 172?
43
What is the greatest common divisor of 8099 and 6513109?
89
Calculate the highest common divisor of 837 and 1271511.
27
Calculate the greatest common factor of 68978 and 21658.
182
What is the highest common factor of 87180 and 320?
20
What is the greatest common factor of 10190529 and 81?
81
What is the highest common divisor of 128920 and 10888240?
440
What is the greatest common divisor of 901 and 1879197?
17
What is the highest common factor of 14 and 446168121?
7
Calculate the highest common divisor of 1489714 and 8159.
199
What is the highest common divisor of 177905 and 7015?
115
What is the greatest common divisor of 108185 and 262955?
385
Calculate the highest common divisor of 17227 and 615020.
161
What is the greatest common divisor of 162 and 4420113?
3
What is the highest common divisor of 27 and 81289374?
3
What is the greatest common factor of 1544 and 48817999?
193
Calculate the highest common divisor of 78215288 and 856.
856
Calculate the greatest common divisor of 32898476 and 338.
26
Calculate the greatest common factor of 180515 and 65965.
395
What is the greatest common factor of 2173 and 672517?
53
What is the greatest common divisor of 610227 and 252?
9
Calculate the greatest common divisor of 30298782 and 222.
222
What is the greatest common divisor of 799296 and 231104?
1472
What is the greatest common divisor of 901305 and 990?
45
Calculate the highest common factor of 23256 and 16639022.
646
What is the highest common divisor of 3217240 and 260?
260
What is the greatest common factor of 3182 and 213642662?
3182
What is the greatest common factor of 917 and 87454683?
131
Calculate the highest common divisor of 25434 and 140724.
54
Calculate the highest common factor of 235472 and 64.
16
What is the greatest common divisor of 47215 and 382664085?
6745
What is the greatest common divisor of 41923325 and 116525?
1975
Calculate the greatest common divisor of 98359 and 154939.
41
What is the greatest common divisor of 19687410 and 630?
90
Calculate the highest common factor of 565190 and 46030.
10
Calculate the highest common factor of 1938 and 259053429.
969
What is the highest common factor of 214132 and 705398?
34
What is the highest common factor of 64 and 258163392?
64
What is the highest common divisor of 124 and 311253268?
124
Calculate the greatest common divisor of 254000730 and 276.
138
Calculate the highest common factor of 20123345 and 93005.
4895
What is the highest common divisor of 622114 and 27136?
106
Calculate the highest common factor of 64384 and 17152.
128
What is the greatest common divisor of 22393935 and 930?
465
What is the highest common factor of 539700 and 3276?
84
Calculate the greatest common divisor of 5086356 and 1695.
339
What is the highest common divisor of 1079 and 360399?
13
Calculate the highest common divisor of 13886 and 584329823.
6943
What is the greatest common factor of 343962 and 3681732?
582
Calculate the highest common divisor of 25250 and 1165750.
250
What is the highest common divisor of 54232 and 91976?
8
What is the highest common factor of 16919265 and 1230?
615
What is the greatest common factor of 1039350 and 1053000?
1950
What is the greatest common factor of 292617 and 1044147?
1599
What is the greatest common divisor of 3834 and 280854?
54
What is the greatest common divisor of 9039 and 3427?
23
Calculate the greatest common divisor of 920256 and 1216.
64
Calculate the greatest common divisor of 1900 and 18316.
76
What is the greatest common divisor of 9831145 and 580?
145
What is the highest common divisor of 218120 and 172690?
70
Calculate the highest common factor of 8453096 and 8592.
1432
What is the greatest common divisor of 287030793 and 63?
21
Calculate the greatest common divisor of 268039 and 15181.
17
What is the highest common divisor of 1824 and 302130?
6
What is the greatest common divisor of 628360 and 1533335?
3415
Calculate the highest common divisor of 10445014 and 30.
2
Calculate the greatest common factor of 15368808 and 122580.
2724
What is the highest common factor of 326216 and 13951800?
2696
What is the greatest common factor of 107856008 and 494?
494
Calculate the greatest common divisor of 4305 and 12706515.
615
Calculate the greatest common factor of 122065812 and 11.
11
What is the greatest common divisor of 4423132 and 392?
196
Calculate the greatest common divisor of 168 and 19765144.
56
What is the highest common divisor of 19541975 and 950?
475
What is the highest common factor of 579 and 42823419?
579
What is the highest common factor of 1666945 and 14?
7
Calculate the highest common divisor of 19592592 and 256.
16
Calculate the greatest common factor of 311774821 and 2714.
1357
Calculate the highest common divisor of 333 and 36287343.
333
What is the highest common divisor of 87139486 and 434?
14
What is the highest common divisor of 4586264 and 2232?
248
Calculate the highest common divisor of 3197501712 and 2448.
2448
Calculate the greatest common factor of 4020 and 8209092.
12
Calculate the greatest common factor of 15434396 and 10612.
1516
Calculate the greatest common divisor of 23688 and 110594008.
2632
Calculate the highest common factor of 19593 and 53780608.
2177
Calculate the highest common factor of 256 and 12176768.
128
What is the highest common factor of 14625417 and 618660?
1473
What is the greatest common factor of 9981347 and 1051?
1051
Calculate the greatest common divisor of 5001415 and 2404255.
4705
Calculate the greatest common factor of 28560 and 10557.
51
Calculate the greatest common factor of 64977849 and 54.
27
What is the highest common factor of 164069712 and 3024?
432
What is the greatest common factor of 27968 and 845296?
368
What is the highest common factor of 440 and 11145530?
110
What is the highest common factor of 19788137 and 775?
31
Calculate the greatest common divisor of 42228 and 85284.
828
Calculate the highest common divisor of 136490370 and 1060.
530
What is the greatest common divisor of 1824 and 5759904?
96
Calculate the highest common divisor of 19956 and 45346684.
6652
Calculate the highest common divisor of 2606079 and 34161.
579
What is the greatest common divisor of 196553082 and 1364?
682
Calculate the greatest common factor of 1155267538 and 2822.
2822
What is the highest common factor of 2072595063 and 66?
33
Calculate the highest common divisor of 328906932 and 284.
284
What is the highest common divisor of 113130 and 422280?
270
What is the highest common divisor of 24335524 and 4524?
116
Calculate the highest common divisor of 78 and 858955.
1
What is the greatest common divisor of 3173 and 92986?
19
Calculate the highest common divisor of 201 and 13252935.
201
Calculate the highest common factor of 3347851 and 1718843.
5989
Calculate the highest common factor of 30982 and 23758.
14
Calculate the highest common divisor of 2055 and 38095590.
2055
What is the greatest common factor of 620920548 and 108?
36
Calculate the highest common factor of 45821943 and 783.
783
Calculate the highest common factor of 147642608 and 9696.
1616
Calculate the highest common factor of 17886508 and 188.
188
Calculate the highest common factor of 356060668 and 124.
124
Calculate the highest common divisor of 446714 and